*f - 943026. Determine v(155).
-6
Let y(t) = 909*t**2 - 254534*t + 3918. Give y(280).
-2
Let g(v) = 22457*v + 314498. Determine g(-14).
100
Let j(x) = -4747*x + 275313. Determine j(58).
-13
Let c(r) = -13024*r - 13029. Give c(-1).
-5
Let t(d) = -86*d**3 + 337*d**2 + 21*d - 46. What is t(4)?
-74
Let x(m) = -2*m**2 + 11837*m - 188873. Give x(16).
7
Let x(z) = -122*z**2 - 1724*z - 114. Calculate x(-14).
110
Let m(s) = 706*s + 144293. Give m(-204).
269
Let r(x) = x**3 - 563*x**2 - 2150*x - 66901. What is r(567)?
5
Let s(c) = -14*c**3 - 1766*c**2 - 242*c + 1278. Give s(-126).
18
Let o(r) = -1146*r - 26448. Calculate o(-23).
-90
Let n(k) = -2*k**3 + 247*k**2 - 1345*k - 376. Determine n(6).
14
Let n(s) = 7*s**2 - 578*s + 11801. Give n(45).
-34
Let d(b) = -240*b**3 + 3*b**2 - 16*b + 19. Determine d(2).
-1921
Let v(t) = 81*t + 1102. Determine v(-14).
-32
Let n(t) = -336*t + 19124. Calculate n(62).
-1708
Let f(c) = -69631*c - 208862. Calculate f(-3).
31
Let o(y) = -16*y**2 - 764*y + 1762. Calculate o(-50).
-38
Let s(z) = -11*z**3 - 139*z**2 - 68*z - 67. Determine s(-1).
-127
Let i(h) = 128*h + 6234. What is i(-60)?
-1446
Let o(x) = x**2 + 2870*x + 37115. Give o(-13).
-26
Let c(g) = -483*g + 212844. Calculate c(441).
-159
Let s(v) = -v**2 - 26745*v - 106996. Determine s(-4).
-32
Let m(n) = -n**2 + 2256*n + 15825. Give m(-7).
-16
Let h(p) = p**3 - 54*p**2 - 271*p - 5340. Give h(60).
0
Let k(b) = -b**2 - 282*b + 8818. Calculate k(30).
-542
Let n(y) = -y**2 - 27*y + 581. Determine n(15).
-49
Let a(p) = -641*p**2 + 668*p - 23. What is a(1)?
4
Let u(k) = -11*k**2 - 1509*k - 492. Determine u(0).
-492
Let s(u) = -u**3 + 57*u**2 - 798*u + 61. Calculate s(25).
111
Let o(u) = -11*u**3 - 473*u**2 + 1360*u + 58484. What is o(-43)?
4
Let l(b) = -b**3 - 165*b**2 - 150*b + 2268. Calculate l(-164).
-28
Let n(b) = 24328*b + 50710. What is n(-2)?
2054
Let z(v) = 13*v**2 - 584*v + 1094. Determine z(43).
19
Let w(j) = 22320*j - 30310562. What is w(1358)?
-2
Let q(m) = -252*m - 2377. Give q(-9).
-109
Let h(u) = 25*u**2 + 1044*u - 199. Determine h(-42).
53
Let h(n) = n**3 - 10*n**2 + 1645*n - 16420. Give h(10).
30
Let f(b) = -b**3 + 12*b**2 - 118*b + 733. Calculate f(8).
45
Let w(r) = -2*r**2 + 2161*r - 4306. Calculate w(2).
8
Let x(m) = -8575*m + 3927351. Calculate x(458).
1
Let s(x) = 4*x**2 - 15463*x - 123987. What is s(-8)?
-27
Let j(k) = 2*k**2 + 863*k + 65615. Give j(-333).
14
Let q(u) = -43591*u + 1133359. Give q(26).
-7
Let j(u) = -3154*u - 40938. Calculate j(-13).
64
Let x(t) = -2*t**2 + 4157*t + 41713. What is x(-10)?
-57
Let j(l) = 10851*l - 11009. What is j(1)?
-158
Let r(l) = -14*l**3 - l**2 - 1426*l + 1426. Determine r(1).
-15
Let l(o) = 39271*o - 117813. Give l(3).
0
Let m(a) = 144*a**2 - 565*a - 17. Calculate m(4).
27
Let n(z) = -452*z - 132431. Determine n(-293).
5
Let g(r) = 579*r + 3030. Calculate g(-5).
135
Let o(i) = -3*i**3 + 200*i**2 - 77*i + 9819. Calculate o(67).
171
Let d(x) = -31*x**2 - 1319*x - 3148. Give d(-40).
12
Let f(d) = d**3 - 71*d**2 + 252*d + 1070. Calculate f(67).
-2
Let d(f) = 2*f**3 + 164*f**2 + 536*f + 4916. Calculate d(-79).
18
Let q(o) = -82*o**2 - 30833*o - 375. Give q(-376).
1
Let c(y) = y**3 + 259*y**2 + 1190*y - 281. What is c(-5)?
119
Let h(a) = 2*a**2 + 37*a - 38. Determine h(1).
1
Let r(z) = -z**3 - 107*z**2 + 69*z - 4918. What is r(-108)?
-706
Let s(q) = 3*q**3 - 5814*q**2 + 5811*q - 2. Determine s(1).
-2
Let t(u) = -9681*u + 1239168. Give t(128).
0
Let s(d) = -d**3 + 24*d**2 - 155*d + 218. Determine s(13).
62
Let n(s) = -416*s**3 + 14*s**2 - 15*s + 1. What is n(1)?
-416
Let a(b) = 2*b**3 + 35*b**2 - 45136*b - 678172. What is a(-15)?
-7
Let h(o) = 79570*o**2 - 1989257*o + 172. What is h(25)?
-3
Let x(m) = 14*m**3 + m**2 - 22*m - 62. Give x(-3).
-365
Let b(m) = 425*m - 13863. What is b(32)?
-263
Let x(o) = 11*o**3 + 5*o**2 - 5*o - 183. Determine x(0).
-183
Let v(p) = 3*p**2 + 11100*p + 77611. Give v(-7).
58
Let b(q) = 232*q**2 + 31084*q - 529. Give b(-134).
7
Let p(t) = -3*t**3 - 75*t**2 + 1934*t + 48342. Determine p(-25).
-8
Let j(m) = -m**3 + 542*m**2 - 2178*m + 110. Determine j(4).
6
Let l(b) = -2*b**2 - 106*b + 23019. Give l(-138).
-441
Let o(i) = 581*i**2 + 2315*i - 42. Calculate o(-4).
-6
Let p(s) = -2*s**3 - 13*s**2 - 11*s - 36. Calculate p(-6).
-6
Let l(g) = -2*g**2 - 7967*g - 39830. Calculate l(-5).
-45
Let b(u) = -406*u - 72610. Give b(-178).
-342
Let g(a) = -a**3 - 147*a**2 + 150*a + 415. Determine g(-148).
119
Let j(b) = -20692*b + 641478. What is j(31)?
26
Let o(f) = -72*f**3 + 1821*f**2 + 1329*f - 73. What is o(26)?
5
Let p(g) = 2*g**3 - 246*g**2 + 955*g - 368. What is p(119)?
-11
Let b(j) = -j**3 - 50*j**2 + 294*j + 12386. Determine b(-51).
-7
Let b(p) = 5*p**2 + 556*p + 7910. What is b(-15)?
695
Let d(n) = 511*n**3 + 59*n**2 - 21*n - 22. What is d(-1)?
-453
Let x(y) = -2*y**2 - 8608*y - 103019. Determine x(-12).
-11
Let z(n) = -10900*n - 7379373. What is z(-677)?
-73
Let a(i) = 258*i - 2596. Calculate a(10).
-16
Let c(u) = 2*u**3 - 65*u**2 + 867*u + 17181. What is c(-10)?
11
Let y(w) = -16*w**2 - 21*w + 50. Give y(2).
-56
Let s(b) = -763*b + 10923. Give s(14).
241
Let w(o) = -127*o + 22689. Calculate w(177).
210
Let r(i) = -34*i**2 - 3504*i + 147. Determine r(-103).
353
Let u(i) = 13*i**2 - 18711*i + 130834. Determine u(7).
494
Let n(f) = -52*f**3 + f**2 - 132*f - 263. What is n(-2)?
421
Let p(y) = -1947*y + 34325. Determine p(18).
-721
Let n(k) = -48897*k - 684553. Give n(-14).
5
Let j(b) = b**2 + 25264*b - 4426219. What is j(174)?
-7
Let p(l) = 3119*l - 20608. Determine p(7).
1225
Let j(w) = -12*w**3 + 91*w**2 - 210*w + 572. Give j(6).
-4
Let z(r) = 3*r**2 + 70*r - 472. Give z(-28).
-80
Let k(x) = 1132499*x + 15854977. Calculate k(-14).
-9
Let l(d) = -d**3 - 4*d**2 + 297*d + 167. Determine l(-21).
1427
Let x(f) = 95226*f + 761813. Determine x(-8).
5
Let j(r) = -2*r**2 - 2*r + 9648. Determine j(-69).
264
Let l(y) = 92615*y - 185224. Calculate l(2).
6
Let a(d) = -d**3 + 88*d**2 - 1211*d - 151. Give a(71).
-435
Let v(y) = -543*y - 45812. Calculate v(-84).
-200
Let g(y) = 10318*y + 4773. Give g(-1).
-5545
Let a(s) = -124*s**2 + 515*s - 2032. Calculate a(4).
-1956
Let a(c) = 121*c**3 + 3*c**2 - 8. Determine a(2).
972
Let y(l) = -611*l**2 + 11616*l - 137. Determine y(19).
-4
Let w(k) = -5*k**3 + 166*k**2 + 446*k - 10553. Give w(34).
-13
Let q(h) = 5526*h + 40366. Determine q(-8).
-3842
Let z(m) = 63*m**2 - 645*m + 5. Determine z(3).
-1363
Let p(h) = -h**3 + 266*h**2 - 3483*h - 129254. Give p(250).
-4
Let b(q) = 10*q**2 + 1752*q + 337. Determine b(-175).
-13
Let x(a) = -153*a + 2131. Give x(12).
295
Let z(y) = -1818*y + 768917. Determine z(423).
-97
Let k(f) = -1793*f - 6681. What is k(-4)?
491
Let h(j) = -2*j**2 - 275*j + 60358. Give h(118).
60
Let i(q) = 3*q**3 - 39*q**2 + 79*q + 61. Give i(8).
-267
Let h(i) = -5*i**3 - 141*i**2 + 70*i + 2756. Determine h(-28).
12
Let f(i) = 1856*i + 15022. Calculate f(-8).
174
Let w(a) = a**3 + 280*a**2 + 4486*a + 239. What is w(-17)?
-16
Let u(b) = b**3 - 24*b**2 + 84*b - 868. Determine u(22).
12
Let x(s) = -1003*s - 343028. Calculate x(-342).
-2
Let o(l) = 31*l**2 - 13187*l + 153782. Give o(12).
2
Let g(l) = -106*l - 617. What is g(-62)?
5955
Let k(a) = 41100*a + 3329102. Calculate k(-81).
2
Let t(n) = 5*n**2 + 31*n - 90939. What is t(-138)?
3
Let h(u) = 1351*u + 18928. Determine h(-14).
14
Let z(w) = -w**2 + 126*w - 1366. Give z(10).
-206
Let a(z) = z**3 + 23*z**2 + 171*z - 27. Determine a(-5).
-432
Let d(f) = 1489*f + 1619. What is d(-1)?
130
Let p(s) = -25*s**2 - 1898*s - 35992. Give p(-39).
5
Let v(k) = 204*k**2 - 1824*k + 1534. Give v(8).
-2
Let h(n) = 3*n**3 + 127*n**2 + 1249*n + 38752. Give h(-40).
-8
Let p(d) = -106261*d + 106263. Calculate p(1).
2
Let j(k) = 1593*k - 882533. Calculate j(554).
-11
Let c(v) = -151*v + 37077. Determine c(243).
384
Let m(p) = 6597*p - 79225. Determine m(12).
-61
Let r(l) = -138276*l - 4. Calculate r(0).
-4
Let s(w) = -412*w + 4576. Determine s(11).
44
Let j(x) = -18*x**2 - 367*x + 1879. What is j(5)?
-406
Let y(n) = -16*n**3 - n**2 - 535*n - 1614. What is y(-3)?
414
Let l(c) = -7*c**3 + 52*c**2 - 179*c + 3. Calculate l(4).
-329
Let i(p) = 3124*p - 93702. Give i(30).
18
Let n(r) = -64*r**3 + 2*r**2 + 1531*r + 3062. Determine n(-2).
520